- 2*o - l*o. Determine v(2).
2
Let h(w) = w**3 + 13*w**2 + 11*w - 14. Let d be 4/6 + 1102/(-87). Calculate h(d).
-2
Suppose -2*g + 5 = -1. Suppose -3 = g*f - 21. Let r(o) = o - 1. Let d(a) = -7*a + 6. Let x(v) = -d(v) - 6*r(v). Determine x(f).
6
Let l(v) be the first derivative of -v**3/3 - 7*v**2/2 + 5*v - 2. Calculate l(-8).
-3
Let c(s) = 4*s**3 + 7*s**2 - 2*s - 3. Let o(r) = -3*r**3 - 7*r**2 + 2*r + 4. Let q(z) = -4*c(z) - 5*o(z). Let v = 4 - -2. Give q(v).
16
Let v(f) = -f**3 - 6*f**2 - 5*f + 3. Let d be v(-5). Suppose 3 - 18 = -d*i. Let u(o) be the first derivative of o**3/3 - 2*o**2 - 4*o - 3. Calculate u(i).
1
Let b(i) be the first derivative of i**4/6 + 5*i**3/6 - 23*i**2/2 + 40. Let w(z) be the second derivative of b(z). What is w(-4)?
-11
Let i(d) = 2*d**3 + d**2 + 2*d - 2. Let a(t) = 10*t**3 + 3*t**2 + 9*t - 11. Let c(o) = -2*a(o) + 11*i(o). Calculate c(-3).
-21
Let i(d) be the second derivative of d**7/2520 - 13*d**6/720 + d**5/24 + 17*d**4/6 + 25*d. Let r(h) be the third derivative of i(h). Calculate r(13).
5
Let s(u) = -2 + 47*u + 0 - 45*u. Let q = 17 + 6. Suppose 5*f - 3*r = 31, -2*r + q = 5*f - r. Calculate s(f).
8
Let i(p) = -p**3 - 6*p**2 - 7*p - 4. Suppose 10 = -5*o - n, -4 + 2 = -o - n. Suppose 10 = 6*y - y. Let u = o - y. What is i(u)?
6
Let o = -3 + -2. Let j(f) be the second derivative of 0 + 1/6*f**3 + 8*f + 5/2*f**2. Give j(o).
0
Let k(z) be the second derivative of z**5/40 + z**4/24 + 2*z**3 + 4*z. Let x(h) be the second derivative of k(h). Calculate x(-1).
-2
Suppose 0*h - 26 = -2*h + 3*a, -2*h + 4*a + 30 = 0. Suppose -g - 3 = -h. Suppose -5*q + j - 20 = 0, -j + g*j + 30 = -3*q. Let s(f) = -f + 3. Give s(q).
8
Let t(o) be the third derivative of -o**5/60 - 13*o**4/24 + 10*o**3/3 - 152*o**2 + 2*o. Calculate t(-14).
6
Let h(x) = x**2 - 3*x - 7. Suppose 0 = 4*k - 4*v - 20, 9 = 3*k - 34*v + 29*v. What is h(k)?
33
Let k(c) = 3*c**3 + 2*c**2 - 2*c - 3. Let g(q) = q**2 + q - 14. Let l be g(3). Give k(l).
-15
Let m(c) be the third derivative of -c**7/5040 - c**6/360 - 13*c**5/60 + 8*c**2. Let u(x) be the third derivative of m(x). Calculate u(0).
-2
Suppose 59 - 4 = -5*h. Let m(a) = -a**3 + 2*a**2 - a + 4. Let n(c) = -15*c**3 + 17*c**2 - 13*c + 62. Let w(j) = 14*m(j) - n(j). Determine w(h).
5
Let w(k) = -k**3 - 5*k**2 + 2*k + 1. Suppose -p + 6 = -7*p. Let l be 28/(-20) - p - 112/20. What is w(l)?
25
Let r(y) = 26 + 2*y**3 - y**3 + 12*y**2 - 35*y + 48*y - 11. Determine r(-11).
-7
Let x(a) = -a**2 + 8*a + 15. Let l = 215 + -205. What is x(l)?
-5
Let q(d) = 9 + 4 - d + 0*d. Suppose 2*i - 4*y = 8, -97 = 2*y - 105. What is q(i)?
1
Let u(v) = -v**3 - v**2 - 12. Let j be 1/(1/2) + 1. Suppose -12*n = -9 - 87. Suppose j*i = n*i. Determine u(i).
-12
Let s(t) = -4*t**2 + 10*t + 1. Let y(g) = -g**2 + 3*g. Let z(v) = 2*s(v) - 7*y(v). Let f(u) = u**2 - 7*u + 11. Let w be f(6). Suppose 20*d = w*d. Give z(d).
2
Let a(l) = l**3 - 3*l**2 - 4*l + 2. Let p(t) be the first derivative of -t**3/3 - 7*t**2/2 - 3*t + 8. Let q be p(-6). Give a(q).
-10
Suppose 12 + 8 = -4*z. Let v be (z/5)/(-1 - 0). Suppose -m + v = -2*m. Let b(d) = 2*d**2 + 1. Give b(m).
3
Let g(q) = -q**2 - 12*q - 11. Let a be g(-8). Let w = a + -16. Let m(h) = h**3 - 3*h - 6*h**2 + 4*h - 5 + w. What is m(6)?
6
Let w(m) = -6*m - 295. Let z be w(-48). Let h(j) = 2*j + 13. Give h(z).
-1
Let s(j) be the second derivative of 2*j**3/3 + 3*j**2/2 - 64*j - 1. Let o be (-40)/5*1/2. Let h(t) = t + 1. Let v be h(o). Calculate s(v).
-9
Suppose -2*b + 4 = 0, 3*w - 4*b = -b. Let k(l) = -3 + w*l**3 - 3*l**3 + 6*l**2 - 2*l - 2*l - 4. What is k(5)?
-2
Let j(c) = 3*c**2 + c - 1. Let z be 3/12 + (-101)/4. Let y = -24 - z. Calculate j(y).
3
Let y(v) = -2*v + 0*v**3 - 3 - v**3 + 6*v**2 - v**2. Let g(w) = w**2 - 2*w - 11. Let i be g(6). Suppose 0 = -10*h + 53 - i. Calculate y(h).
5
Suppose -6*o - o + 329 = 0. Let b(u) = -48*u + 2 + 2 + o*u. Determine b(5).
-1
Let a(i) be the second derivative of i**5/10 + i**3/3 - i**2 - 376*i. Calculate a(1).
2
Let p(w) = 10*w - 2. Let a(i) = 15*i - 3. Let j(q) = -5*a(q) + 7*p(q). Suppose 2*b + 10 = 0, -5*o - 5*b - 30 = -0*o. Calculate j(o).
6
Let z = -719 - -724. Let p(h) = -6*h + 24. Calculate p(z).
-6
Let g(m) = -1 - 5*m**2 - 30*m**3 + 9*m + 0*m**2 + 31*m**3 - 3*m**2. Determine g(7).
13
Let m(h) = h**2 - 2*h - 1. Let q(j) = -4*j - 51. Let x be q(-15). Suppose 0*o + x*o = 36. Determine m(o).
7
Suppose 510 = 6*j + 150. Let x be (-444)/(-45) + 8/j. Let b be 11/55 - 2/x. Let w(q) = q**2 + q - 8. Determine w(b).
-8
Let j(s) = s**3 + 7*s**2 + 4*s - 4. Let k = -72 + 66. Give j(k).
8
Let f(m) = 2*m + 4. Let d be (((-8)/6)/(14/21))/2. Determine f(d).
2
Let j = 2 - -3. Let p(m) be the second derivative of -m**5/20 + 5*m**4/12 - m**3/6 + 5*m**2/2 + 74*m + 25. Calculate p(j).
0
Let l(s) be the third derivative of 6*s**2 + 0*s - 1/12*s**4 + s**3 + 0. Let m = -28 - -35. What is l(m)?
-8
Let c(d) be the third derivative of -d**5/60 + d**4/8 - 5*d**3/6 + 2*d**2. Let m = -34 + 39. Suppose 0 = -2*p + m*g - 12, -3*g + 14 = 2. What is c(p)?
-9
Let h(x) be the second derivative of x**8/6720 + x**7/1260 + x**6/240 - x**5/60 - 17*x**4/12 - 10*x. Let q(s) be the third derivative of h(s). Determine q(-3).
-20
Let c(b) = b**3 - b. Let n = 53 - 54. Let d(x) = 6*x**2 - 6*x - 4. Let s(p) = n*d(p) + c(p). Determine s(5).
4
Let f(j) = -2*j - 8. Suppose -1 = -3*c + 5*d - 0, 7 = -c - 2*d. Calculate f(c).
-2
Let v(t) = -t**3 + 4*t**2 + 5*t + 3. Let l = 37 + -32. Calculate v(l).
3
Let j(t) = -6*t**2 - 9*t - 3*t + 0*t**2 - 7 + 0*t. Let v(o) = 7*o**2 + 13*o + 8. Let c(l) = -6*j(l) - 5*v(l). Determine c(-8).
10
Suppose -4*m - 44 = -4*b, 4*b + 5*m + 3 - 2 = 0. Let q(j) = 6 - 3 - 1 + b - j. Give q(6).
2
Let h(a) = -2 + 12*a**3 - 23*a**3 + 10*a**3. Let v(r) = -r**2 + 10*r - 11. Let c be v(9). Give h(c).
6
Let t(f) = -2401*f**3 - 4*f + 3*f**2 - 6*f**2 + 2402*f**3 + 5*f - 3. Give t(4).
17
Let i(f) = f + 2. Suppose -3*s = -5*g + 3, 5 = 3*g - 4. Suppose -j = -2*w - 0*w, 5*w - s*j = 6. Let q = w - 1. Give i(q).
-1
Let d(i) = -2*i**2 + 10*i - 9. Suppose 33*t - 240 = -7*t. Give d(t).
-21
Let v be (74 + -48)*((-3)/(-2))/(-3). Let b = v - -15. Let h(f) = -3*f. Give h(b).
-6
Let c(j) = 2*j**2 + 3*j - 2. Let y(v) = -6*v + 4. Let s be y(2). Let f(a) = 12*a + 1. Let r be f(-1). Let x = r - s. Calculate c(x).
7
Let b(n) = -n**3 + 3*n**2 - n + 3. Let o = -20 - -23. Suppose x - 2 = w, 0 = -o*x - 3*w + 5 + 7. Determine b(x).
0
Let r(h) = -h**2 - 3*h - 2. Let l(s) = -5*s**2 + 22*s + 44. Let p be l(6). Give r(p).
-6
Let b(n) = -32*n**2 - 2*n - 4. Let l(w) = 65*w**2 + 5*w + 9. Let p(g) = -7*b(g) - 3*l(g). Give p(1).
29
Let q(l) = l**3 + l**2 - 3*l - 4. Let j(n) = -n**3 + 2*n + 2. Let f be j(-2). Suppose -3*s + f*s = -9. Determine q(s).
-13
Let w(b) be the second derivative of b**5/20 + b**4/4 - b**3/6 - b**2 + 676*b + 1. Let g(x) = -x**3 - 2*x**2 + 2*x + 1. Let l be g(-2). What is w(l)?
1
Suppose -5*g + 8 = a - 9, -g - 5 = 3*a. Let y(i) = 250*i**2 - 3 - 3*i + 242*i**2 - 491*i**2. Determine y(a).
15
Let w(u) = -2*u - 1. Let s(v) be the first derivative of v**2/2 + v - 10. Let t be s(1). Suppose -5*p = -t*i + 4*i - 15, -4*p - 4*i = -12. What is w(p)?
-7
Let q(s) = -s**3 + 6*s**2 + 6*s - 11. Let j be 390/(-234)*21/(-5). Give q(j).
-18
Let a(g) = -17*g**3 + 2*g**2 - 1. Suppose -2*h = h - 2*s - 82, s - 113 = -4*h. Let o = h - 29. Calculate a(o).
18
Suppose 1 = 3*f - 5. Let p(c) = 30*c - 75*c + 23*c + 21*c - 1 + c**f. Give p(0).
-1
Let c(g) = -g + 1. Let z(w) = -105 + 54 - w + 52. Let v(k) = k**3 + 4*k**2 - 3*k + 7. Let i be v(-5). Let f(j) = i*c(j) + 2*z(j). What is f(2)?
1
Suppose 4*r = 5*h + 150 + 10, 5*r + h - 171 = 0. Let o(z) = 0*z - 30 + r + 4*z. Determine o(-4).
-11
Let i(g) = g - 3*g + 3 + g**3 + g**2 - 2*g. Let b(l) = 65*l**2 - 9*l - 4. Let k be b(0). What is i(k)?
-29
Let a(r) = r**2 + 2*r**2 + 5 - 2*r**2 + 5*r - 2*r. What is a(-4)?
9
Let m be 240/(-360)*(-9)/(-2). Let w(x) = 7*x + 5. Determine w(m).
-16
Let h(t) be the second derivative of -1/12*t**4 - 4/3*t**3 - 41*t + 0 + 4*t**2. Give h(-8).
8
Let b = 54 + -23. Let q(v) = -b*v + 63*v - 31*v - 3*v**2 + v**3. Calculate q(2).
-2
Let g(p) = p**3 - 5*p**2 - 4*p. Let d be g(6). Let r be d/(-10)*30/9. Let u(x) = -x**2 - 2*x + 4. Calculate u(r).
-4
Let y(v) = v**2 + 5*v -